 796. Let h = p + c. List the prime factors of h.
2, 43
Let s = 25661 - 17018. What are the prime factors of s?
3, 43, 67
Let u(f) = -f**3 - 5*f**2 + 26*f + 13. Let i be u(-8). List the prime factors of (-2)/i + 10633/21.
3, 13
Suppose 207*a - 181*a - 308505 - 174315 = 0. What are the prime factors of a?
2, 3, 5, 619
Let x(r) = -9*r**2 - 5*r + 5. Let p(u) = -14*u**2 - 8*u + 7. Let m(d) = -5*p(d) + 8*x(d). Let h be m(7). Let b = -89 - h. What are the prime factors of b?
2
Let d(l) = 6*l**3 - 5*l**2 + 9*l + 10. Let q(o) = o**3 + o**2 + o + 1. Let r be -4 - (1 - 5) - -5. Let j(w) = r*q(w) - d(w). List the prime factors of j(9).
2, 5
Let b(c) = 3555*c + 2743. List the prime factors of b(13).
2, 7, 13, 269
Suppose a = 3 - 1. Suppose 0 = a*f + 2, 1543 = -2*i + 5*f + 218. What are the prime factors of 2 + (-5)/(25/i)?
3, 5
Let u(c) = c**3 - 44*c**2 + 127*c - 382. What are the prime factors of u(48)?
2, 5, 1493
Let a = -3512 - -5095. What are the prime factors of a?
1583
Let d(b) be the third derivative of 3*b**5/20 + b**4/12 - 13*b**3/3 + 2*b**2 - 3. What are the prime factors of d(8)?
2, 283
Suppose 12500 = 5*p + 5*a, 2*p - 1767 = 2*a + 3241. Let r = p + -1271. What are the prime factors of r?
1231
Let v(n) = 40*n + n**3 - 68*n**2 - 20 - 75*n**2 - 81*n**2 + 244*n**2. What are the prime factors of v(-15)?
5, 101
Let g(n) = 5*n + 18. Let b be g(-10). Let w be 15/(-10)*b/(-6). What are the prime factors of 498/8 + (2/w)/1?
2, 31
Suppose -6*c + 3*c + 98 = 4*d, -4*d + 94 = 5*c. Let a(o) = d - 17 + 17*o - 15. List the prime factors of a(1).
11
Let k = -7170 - -14647. What are the prime factors of k?
7477
Suppose 2*i - 3*g - 1044 = -0*g, -2*i = -2*g - 1044. Suppose -i = -5*q + 163. Suppose -2*u + 11 = 2*y - 41, 5*y - 2*u = q. What are the prime factors of y?
3
Suppose 15*b = -7*b + 264. What are the prime factors of 21990/24 - 15/b?
3, 5, 61
Suppose -6*q = -2*q + 4*u - 28, -3*q + 2*u = -46. Let z(o) = 77*o**2 - 46*o**2 + 4*o + 21 - 19*o**2 + o**3 + 4*o - 2*o**3. What are the prime factors of z(q)?
3, 13
Let i(a) = -2*a**3 - 4*a**2 + 6*a - 8. Let x be i(-6). Suppose -3*y - 2*k - 343 = 0, 200*y - 202*y - 2*k = 230. Let s = x + y. What are the prime factors of s?
131
Suppose 3*s = -2*g + 79, 15*g - 16*g + 40 = s. What are the prime factors of 0 + -4 + 36162/g?
2, 439
Let p = 2493 - -3570. What are the prime factors of p?
3, 43, 47
Suppose -14*v - 1646 + 8632 = 0. Suppose -2*a = -v + 127. What are the prime factors of a?
2, 3, 31
Let j be -1*3 - 120/10. Let u be j/(-6)*(-72)/(-30). List the prime factors of 234/(-4)*((-22)/u - -3).
3, 13
Let r = -153 - -158. Suppose r*b - 4790 = -5*y, -3*y = 5*b - 4*y - 4808. List the prime factors of b.
31
Let r(y) = 17*y + 114. Let a be r(-7). What are the prime factors of ((-6)/(-3) + (a - -341))*1?
2, 13
Let g = 78 - 111. Let d = -36 - g. List the prime factors of (-2 - (-64 + 2)) + d.
3, 19
Let n = -240 + 242. Suppose -n*t = 3*k + k - 2220, 5*k + 4*t - 2775 = 0. What are the prime factors of k?
3, 5, 37
Let a(t) = -t + 9. Let x be a(6). Suppose -3*l + 8*l - 2*p - 617 = 0, -3*l + 2*p = -371. Suppose -x*g - l = -471. What are the prime factors of g?
2, 29
Suppose 2*d + 3566 = o, -31*o - 5*d = -26*o - 17770. List the prime factors of o.
2, 3, 593
Let l be (41/2)/((-8)/(-208)). Let p = 816 - l. Suppose -6*b + 1015 - p = 0. List the prime factors of b.
2, 61
Let l(r) = 20*r**3 - 19*r**2 + 103*r + 15. What are the prime factors of l(10)?
5, 7, 547
Let q(k) = -1457*k - 1818. List the prime factors of q(-14).
2, 5, 929
Let g(r) = 52*r**2 - 30*r - 40. List the prime factors of g(-10).
2, 3, 5, 7, 13
Let s = 965 - 668. Suppose 573 + s = 6*d. What are the prime factors of d?
5, 29
Let l = -8 - -12. Suppose 37*t = 49*t - 5784. Suppose 478 = n + 3*n - f, l*n - t = -f. List the prime factors of n.
2, 3, 5
Let n(p) = 362*p - 3240. List the prime factors of n(11).
2, 7, 53
Let k(g) = 160*g**2 + 14*g + 57. Let s be k(-5). What are the prime factors of ((-21)/(-12))/(s/996 - 4)?
7, 83
Let p = -11129 - -19873. What are the prime factors of p?
2, 1093
Suppose 2*r + 2*i - 30 = -2*i, -4*r - 5*i = -48. Suppose 4 = w + r. What are the prime factors of (-139)/w - (-8)/12?
47
Let h(o) = -o - 12. Let l be h(-13). Let x be (-4 - (l + -2)) + 107 + 0. What are the prime factors of 121/4 + (-26)/x?
2, 3, 5
Suppose 2*h + 5*n = 11141, -4*h + 22277 = -0*n + 5*n. List the prime factors of h.
2, 3, 29
List the prime factors of ((-22836)/36 + 3)*(-1)/(-1)*-6.
2, 947
List the prime factors of (20 - 6)*(-594)/(-189)*(-154)/(-4).
2, 7, 11
Let q be (-2)/(-19) - 13392/513 - 1. List the prime factors of 103220/117 + 6/q.
2, 3, 7
Suppose -5*b + l = -46067, -7*b - 21783 = -5*l - 86248. What are the prime factors of b?
5, 19, 97
Let t(n) = -n**2 - 9*n - 12. Suppose 4*x + 0*x = -24. Let v be t(x). What are the prime factors of (3822/24 - 2) + v/8?
2, 79
Let x(w) = -3*w**2 + 67*w - 68. Let q be x(21). Suppose q = -4*z, -2548 = -15*m + 12*m - 5*z. What are the prime factors of m?
2, 107
Suppose -5*i - 3*z + 16239 = -17530, 5*i = -5*z + 33775. List the prime factors of i.
2, 211
Let d be (-160)/(-200)*(2/(-2) - -6). Suppose 0 = -2*v + d*v + k - 1936, -5*k = 3*v - 2904. What are the prime factors of v?
2, 11
Suppose 4*v + 0*m + 4*m + 48 = 0, 5*m + 28 = -3*v. Let q = 44 + v. Suppose q = -13*j + 17*j. What are the prime factors of j?
7
Let r(x) be the third derivative of 0*x - 16*x**2 + 1/12*x**4 + 2/3*x**3 + 0. What are the prime factors of r(12)?
2, 7
Let q = 58 + -44. Suppose 19*g + 50 = q*g. Let b(a) = a**2 + 3*a + 11. What are the prime factors of b(g)?
3
Suppose p = 2*m - 4266, -7*m = -2*m + 2*p - 10665. Suppose -667 = -4*i + m. List the prime factors of i.
2, 5, 7
Suppose 0 = -42*s - 69281 + 345893. What are the prime factors of s?
2, 37, 89
Suppose 0 = 24*p - 31*p + 28371. Suppose 0 = q - 64*i + 68*i - 817, -p = -5*q - 4*i. What are the prime factors of q?
809
Let r(s) = -3*s + 17. Let v be r(4). Suppose 346 = v*n + 3*o, 0*o - 4*o + 8 = 0. Suppose 4*w = n + 296. List the prime factors of w.
7, 13
Let i(d) = -2*d**2 - 20*d - 2. Let r be i(-10). Let p be (-2 - r)/(5 - 2). Suppose p*q = -q + 129. List the prime factors of q.
3, 43
Suppose 5*k + 3*m = 423598, 4*m - 169442 = 14*k - 16*k. What are the prime factors of k?
84719
Let m(x) = 92*x**2 - 21*x + 9. What are the prime factors of m(14)?
17747
Let r(h) = 3*h**3 + 45*h**2 - 12*h - 10. Let z be r(-14). Let w = 324 + z. What are the prime factors of w?
2, 5, 107
Suppose -158*o - 88*o + 3227028 = 0. What are the prime factors of o?
2, 7, 937
Let i(c) = 25*c**3 - 3*c**2 + 6*c + 6. Let k(o) = 6*o - 9. Let n be k(2). List the prime factors of i(n).
2, 3, 7
Let g(c) = -c**3 + 7*c**2 - 5*c + 1. Let q be g(6). Suppose 6*v + 3 = q*v. Suppose 2*w + 238 = v*p, 0 = -p + w + 3*w + 76. What are the prime factors of p?
2, 5
Suppose 18*w = 14*w + 24. Suppose t - 4*z + 1235 = w*t, -4*z - 1275 = -5*t. Let l = t - 170. What are the prime factors of l?
3
Let h(y) = -2*y**3 - 9*y**2 - 7*y - 4. Suppose -3*d = -9*d - 24. List the prime factors of h(d).
2
Let i(t) be the second derivative of 23*t**3/2 + 21*t**2/2 - 236*t. Suppose -2*v + 0*v = -6. What are the prime factors of i(v)?
2, 3, 19
What are the prime factors of (-2)/7 - (10 - 3824700/140)?
3, 9103
Suppose -5*i = 21*x - 17*x - 43, 3*x - 24 = -i. Suppose -2565 - 2685 = -x*w. List the prime factors of w.
2, 3, 5
List the prime factors of ((-539032780)/396)/(-65) - 8/18.
43, 487
Let f(d) = 23*d + 2. Let j be f(-1). Let c be 1250/6 - 14/j. Suppose -o - 4*o = -4*x + c, -2*x + 102 = -2*o. What are the prime factors of x?
2, 23
Let r(z) = 58*z + 2. Let o be r(5). Let n = o - 72. List the prime factors of n.
2, 5, 11
Suppose 6*l + 202 - 52206 = 10180. What are the prime factors of l?
2, 2591
Let k = -12576 - -21467. List the prime factors of k.
17, 523
Let r be -3*8/20*10/(-3). Suppose r*j - j - 520 = -y, -2*j = 4*y - 360. List the prime factors of j.
2, 43
Suppose -2*p - 4006 = 2*w, -5*p + 12994 - 2929 = -5*w. Let f = 3135 + w. List the prime factors of f.
7, 23
Let s be (2*3 - 0)*22/(-33). Let k(a) = 5*a**2 + 4*a - 4. What are the prime factors of k(s)?
2, 3, 5
Let z = 1054 - -4795. What are the prime factors of z?
5849
Let n = -6518 + 15178. What are the prime factors of n?
2, 5, 433